divide 120?
True
Is 176 a multiple of 4?
True
Is 16 a factor of 530?
False
Does 179 divide 6802?
True
Is 112 a factor of 4648?
False
Does 2 divide 523?
False
Is 37 a factor of 76909?
False
Is 60 a factor of 1080?
True
Is 93 a factor of 34875?
True
Does 189 divide 49896?
True
Does 26 divide 543?
False
Is 1779 a multiple of 114?
False
Does 5 divide 9070?
True
Does 21 divide 1701?
True
Does 2 divide 196?
True
Is 16088 a multiple of 8?
True
Is 5060 a multiple of 92?
True
Does 127 divide 4572?
True
Is 5734 a multiple of 30?
False
Is 30090 a multiple of 177?
True
Is 4290 a multiple of 65?
True
Does 41 divide 82?
True
Does 66 divide 198?
True
Is 5 a factor of 130?
True
Does 10 divide 4572?
False
Does 2 divide 3?
False
Does 53 divide 31759?
False
Is 33 a factor of 3751?
False
Does 7 divide 6829?
False
Does 65 divide 2718?
False
Does 49 divide 4893?
False
Is 16 a factor of 16192?
True
Is 164 a multiple of 10?
False
Is 10664 a multiple of 135?
False
Is 26 a factor of 319?
False
Is 32336 a multiple of 8?
True
Is 692 a multiple of 18?
False
Is 2137 a multiple of 2?
False
Is 98 a multiple of 2?
True
Is 13 a factor of 12889?
False
Is 30 a factor of 1301?
False
Does 9 divide 2934?
True
Is 2957 a multiple of 22?
False
Is 10 a factor of 538?
False
Is 24380 a multiple of 23?
True
Is 56 a multiple of 39?
False
Does 37 divide 1110?
True
Does 4 divide 931?
False
Is 5 a factor of 33?
False
Does 6 divide 850?
False
Does 5 divide 1920?
True
Is 1528 a multiple of 100?
False
Does 8 divide 2584?
True
Is 5918 a multiple of 11?
True
Is 33 a factor of 1317?
False
Is 4 a factor of 9593?
False
Is 9015 a multiple of 58?
False
Is 6 a factor of 420?
True
Is 6118 a multiple of 46?
True
Does 17 divide 986?
True
Is 51 a factor of 74884?
False
Is 18 a factor of 335?
False
Does 42 divide 3071?
False
Does 20 divide 2840?
True
Is 20 a factor of 420?
True
Is 2340 a multiple of 12?
True
Is 288 even?
True
Does 51 divide 1938?
True
Is 123 a factor of 1061?
False
Is 17 a factor of 4420?
True
Does 129 divide 46563?
False
Does 27 divide 84?
False
Is 12 a factor of 10495?
False
Does 18 divide 15695?
False
Does 38 divide 2039?
False
Does 45 divide 14791?
False
Is 8229 a multiple of 3?
True
Is 224 a factor of 16128?
True
Is 24 a factor of 4992?
True
Does 75 divide 10871?
False
Does 23 divide 23299?
True
Does 36 divide 5279?
False
Does 9 divide 2250?
True
Is 22 a factor of 56677?
False
Is 75 a multiple of 3?
True
Does 135 divide 3759?
False
Does 97 divide 32105?
False
Is 11023 a multiple of 20?
False
Does 4 divide 17320?
True
Is 6 a factor of 5472?
True
Is 1676 a multiple of 94?
False
Is 804 a multiple of 134?
True
Is 23 a factor of 9913?
True
Is 22 a factor of 9669?
False
Does 4 divide 152?
True
Is 4185 a multiple of 31?
True
Is 41 a factor of 11851?
False
Is 17 a factor of 16979?
False
Is 10904 a multiple of 94?
True
Is 2621 a multiple of 6?
False
Is 16 a factor of 22000?
True
Does 2 divide 674?
True
Is 21465 a multiple of 29?
False
Is 135 a factor of 31760?
False
Is 2 a factor of 21?
False
Is 1089 a multiple of 5?
False
Does 61 divide 36265?
False
Is 253 a factor of 28535?
False
Is 63 a multiple of 47?
False
Does 198 divide 2178?
True
Is 448 a multiple of 56?
True
Is 20 a factor of 20354?
False
Does 27 divide 1743?
False
Does 20 divide 2366?
False
Does 19 divide 508?
False
Does 28 divide 43865?
False
Is 10906 a multiple of 82?
True
Does 19 divide 3549?
False
Is 10 a factor of 42000?
True
Is 774 a multiple of 18?
True
Does 16 divide 7751?
False
Is 28 a factor of 1881?
False
Does 23 divide 5832?
False
Is 102 a factor of 10914?
True
Does 8 divide 447?
False
Is 1604 a multiple of 37?
False
Is 13543 a multiple of 14?
False
Is 4 a factor of 156?
True
Is 510 a multiple of 32?
False
Is 23 a factor of 585?
False
Does 12 divide 45780?
True
Is 4256 a multiple of 38?
True
Is 4 a factor of 8432?
True
Does 21 divide 840?
True
Is 22100 a multiple of 26?
True
Is 24392 a multiple of 26?
False
Is 1182 a multiple of 112?
False
Is 135 a multiple of 9?
True
Does 66 divide 1461?
False
Is 4258 a multiple of 16?
False
Is 7203 a multiple of 18?
False
Does 200 divide 15000?
True
Does 4 divide 173?
False
Is 5 a factor of 179?
False
Does 9 divide 4050?
True
Is 2830 a multiple of 5?
True
Does 58 divide 970?
False
Is 60 a factor of 660?
True
Does 20 divide 2283?
False
Is 12 a factor of 9636?
True
Does 6 divide 390?
True
Does 26 divide 2236?
True
Is 1794 a multiple of 25?
False
Does 96 divide 23616?
True
Is 29 a factor of 783?
True
Is 345 a multiple of 7?
False
Is 7630 a multiple of 14?
True
Does 30 divide 17059?
False
Is 615 a multiple of 37?
False
Does 89 divide 1662?
False
Is 294 a multiple of 7?
True
Is 10 a factor of 20?
True
Is 45 a factor of 4173?
False
Is 15 a factor of 105?
True
Is 2956 a multiple of 87?
False
Is 10 a factor of 4050?
True
Is 7 a factor of 140?
True
Does 4 divide 96?
True
Does 10 divide 6137?
False
Does 25 divide 5389?
False
Is 519 a multiple of 10?
False
Does 34 divide 515?
False
Does 187 divide 28611?
True
Is 26448 a multiple of 9?
False
Is 6 a factor of 14854?
False
Is 251 a factor of 19238?
False
Does 11 divide 5049?
True
Is 16 a factor of 288?
True
Does 4 divide 16516?
True
Is 10 a factor of 310?
True
Is 7 a factor of 6811?
True
Is 6344 a multiple of 13?
True
Is 9153 a multiple of 27?
True
Is 962 a multiple of 37?
True
Is 14 a factor of 952?
True
Does 22 divide 270?
False
Does 4 divide 26968?
True
Is 7878 a multiple of 2?
True
Is 48 a factor of 128400?
True
Is 5146 a multiple of 9?
False
Is 8 a factor of 24?
True
Is 24 a factor of 1152?
True
Is 168 a multiple of 2?
True
Does 97 divide 82644?
True
Does 14 divide 632?
False
Is 22 a factor of 1796?
False
Does 8 divide 33848?
True
Does 31 divide 7125?
False
Does 4 divide 89?
False
Is 16 a factor of 1760?
True
Is 22 a factor of 1408?
True
Does 9 divide 418?
False
Does 10 divide 432?
False
Does 27 divide 13154?
False
Is 14 a factor of 1832?
False
Is 153 a multiple of 9?
True
Is 49 a factor of 1274?
True
Is 343 a multiple of 3?
False
Is 6523 a multiple of 28?
False
Is 5 a factor of 4799?
False
Is 75 a factor of 2519?
False
Does 45 divide 1178?
False
Does 4 divide 732?
True
Does 32 divide 3520?
True
Is 38267 a multiple of 144?
False
Is 40 a factor of 6480?
True
Does 117 divide 27950?
False
Does 84 divide 22532?
False
Is 43 a factor of 1394?
False
Does 5 divide 1581?
False
Is 904 a multiple of 2?
True
Is 40 a factor of 11360?
True
Is 3517 a multiple of 5?
False
Does 11 divide 4928?
True
Does 13 divide 2943?
False
Is 8 a factor of 34712?
True
Does 7 divide 45?
False
Is 2737 a multiple of 119?
True
Is 297 a multiple of 9?
True
Does 9 divide 855?
True
Does 4 divide 26162?
False
Is 13 a factor of 29039?
False
Does 5 divide 1643?
False
Does 6 divide 906?
True
Does 63 divide 16884?
True
Is 6 a factor of 1178?
False
Does 19 divide 1254?
True
Does 32 divide 799?
False
Is 440 a multiple of 5?
True
Is 160 a multiple of 10?
True
Is 5 a factor of 21527?
False
Is 671 a multiple of 11?
True
Is 224 a factor of 20620?
False
Does 176 divide 915?
False
Does 5 divide 175?
True
Is 3 a factor of 82?
False
Does 280 divide 22790?
False
Does 6 divide 1583?
False
Does 212 divide 30315?
False
Does 72 divide 2661?
False
Does 5 divide 1227?
False
Does 141 divide 9213?
False
Is 5730 a multiple of 136?
False
Is 31 a factor of 961?
True
Is 12 a factor of 168?
True
Does 205 divide 132110?
False
Is 27 a factor of 10800?
True
Is 962 a multiple of 13?
True
Does 9 divide 420?
False
Is 480 a multiple of 48?
True
Is 26 a factor of 26?
True
Is 13 a factor of 82667?
True
Is 1022 a multiple of 14?
True
Does 3 divide 725?
False
Does 12 divide 3606?
False
Does 25 divide 3575?
True
Does 36 divide 6940?
False
Does 41 divide 62361?
True
Is 1378 a multiple of 13?
True
Is 42 a factor of 4116?
True
Is 4 a factor of 662?
False
Is 49 a factor of 1176?
True
Is 277 a factor of 68694?
False
Does 80 divide 1168?
False
Is 2544 a multiple of 6?
True
Is 647 a multiple of 9?
False
Is 6432 a multiple of 16?
True
Does 84 divide 2627?
False
Is 27745 a multiple of 23?
False
Does 3 divide 1422?
True
Does 18 divide 2304?
True
Is 52 a factor of 624?
True
Does 474 divide 46926?
True
Does 46 divide 6061?
False
Is 6 a factor of 16129?
False
Is 297 a factor of 72468?
True
Does 39 divide 5382?
True
Does 55 divide 566